(-59 - -52) + 1 + 1 + -4?
-9
What is -47 - -50 - (4 - 1)?
0
12 + -14 - (1 - 0)
-3
What is the value of -8 + 4 + (1 - 2) + 7?
2
Calculate 1 - 7 - (12 + -9 + -7).
-2
What is -1 + (2 - 5) + 2?
-2
8 + -1 - (-5 + 7 - 2)
7
What is (3 - (10 - -2)) + 1?
-8
Calculate 2 - (15 - 11 - 6).
4
Evaluate 9 - 4 - (-1 - -3).
3
What is the value of 11 - 17 - (2 - 13)?
5
0 + (-2 - (1 + 1) - -3)
-1
Evaluate -7 + (3 - (-15 + 8)).
3
What is -1 - (5 + (4 - 16))?
6
What is 15 + -19 + (12 - -2) + -4?
6
What is the value of 1 + (30 - 27 - (2 - 0))?
2
Evaluate (-7 - -4) + 7 + -1.
3
What is the value of 14 - 13 - (0 + -2)?
3
(-3 - 14 - -31) + 1 + -8
7
1 + 6 - (1 + 0 - -1)
5
(64 + -67 - (-10 - 1)) + -19
-11
What is the value of (-9 - 0 - -17) + 0 + -1?
7
What is -5 + (2 - 2) - (4 - 16)?
7
(6 - (-7 - -12)) + -2
-1
What is the value of -22 + 19 - ((-4 - -2) + 2)?
-3
Evaluate (8 - 1) + (-2 - 7 - -6).
4
8 + 5 + 9 + -18
4
8 - (-2 + -1 + 5 - -1)
5
Evaluate -2 - (8 - 3 - (2 + 0)).
-5
What is the value of 7 + -1 - (7 - (-6 - -12))?
5
What is -3 + 12 + 2 + -6?
5
Evaluate 3 - (-1 - -9 - 3 - 1).
-1
What is 4 - (2 + 0 - -4)?
-2
-12 + 14 + -1 + 2 + -3
0
What is the value of (0 - 1) + -2 + -1 + 1?
-3
Evaluate -5 + 1 - (-2 - -1).
-3
What is 3 + -8 + (0 - 0)?
-5
Evaluate (3 - -2) + -6 + 4 + -3.
0
Evaluate -4 - (2 - -1 - (2 + -1)).
-6
-3 - (1 + (-1 - 2)) - 0
-1
Calculate -22 - (9 + -12) - -13.
-6
What is 6 - (2 + (6 - 2) - 1)?
1
Calculate 0 + 0 - (-16 + 22) - -3.
-3
What is 8 + -1 + (6 - (7 + 1))?
5
What is the value of -7 - (2 + -2 + -1) - -1?
-5
What is 3 + 5 + -8 + 2?
2
What is the value of 2 - 2 - 3 - (3 - 11)?
5
What is the value of (0 - 2) + 22 + -18?
2
Evaluate (-1 - 4) + -12 - -13.
-4
Calculate 0 + 7 + -14 - (0 + -18).
11
Evaluate -6 + 2 + 9 + 7 + -7.
5
What is (4 + 0 - (14 + -15)) + -7?
-2
What is -4 + (-6 - (-2 - 1)) - 0?
-7
What is the value of -1 + 12 - (10 + -6 + 1)?
6
What is the value of -2 - 1 - (-12 - (-15 - -4))?
-2
What is -7 - (3 - 4 - 3)?
-3
What is 8 + -5 + -2 + (-1 - -4)?
4
What is the value of -9 - ((53 - 60) + (0 - -5))?
-7
What is 3 - 6 - (1 - -1) - -1?
-4
Evaluate (-8 - -6) + 8 + -4.
2
What is the value of 7 + -11 - (-3 - 2)?
1
Calculate 5 + (-4 - -4) - 2.
3
What is -13 - (-1 + -1) - -16?
5
Calculate -3 + 7 + 3 + -13.
-6
What is the value of (-1 - -2) + -13 + 13?
1
Evaluate 2 + (11 - 9 - 7).
-3
(3 - 5) + -5 - (-15 + 10)
-2
What is the value of -1 - -1 - (0 - 1)?
1
Calculate 1 + -5 + (0 + -5 - -7).
-2
2 + (2 - -4) + -7 + 1
2
(14 - 4) + -4 + -4
2
Evaluate 54 - 55 - (-1 + -1 - 3).
4
(-18 - -10) + (0 - -4) - -6
2
Evaluate -4 - (-6 + -12 + 13).
1
What is the value of -4 + 2 - 2 - -8?
4
What is the value of (-7 + 11 - (1 - -1)) + 1?
3
What is the value of -5 + (3 - 6) + 4?
-4
What is the value of (-2 + 1 - -4) + -4?
-1
What is 7 + -8 + (6 - 2) - 0?
3
What is -14 + 8 - (1 + -1 + -1)?
-5
-5 - -2 - -2 - 3
-4
Evaluate -1 + -3 + 7 - (0 - 0).
3
Evaluate (-7 + 15 - 11) + 4.
1
What is the value of -5 - (0 - (-4 + (2 - 1)))?
-8
Calculate -6 - (4 + -9) - (-6 - 1).
6
What is (0 + -6 - -4) + (-1 - -2)?
-1
What is -3 + (0 - 2 - (8 - 7))?
-6
Calculate -5 + 3 - 4 - (6 - 15).
3
Evaluate 6 + 1 + -2 - (-1 - -4).
2
Calculate 14 + -1 + -9 + -12.
-8
Calculate 21 + -21 - (1 + -3 + -2).
4
What is 4 + (0 - -7) + -18?
-7
What is the value of -7 - -2 - -2 - (1 + -2)?
-2
What is 3 + -4 - -4 - 3?
0
What is the value of -6 + 14 + -14 - -13?
7
Evaluate 65 + -76 - (2 + -8).
-5
Evaluate 11 - (-4 + 7) - 9.
-1
Evaluate -7 - (-7 + (2 - 4)).
2
Evaluate -23 + 4 - (1 + -11).
-9
(3 - (-9 + 4)) + -3
5
Evaluate -6 + -3 + (-1 - -4 - 2).
-8
14 + -10 + -15 - -6
-5
(6 - 2 - 3 - 2) + 0
-1
Calculate 1 - (4 + 4 + -10).
3
What is the value of -1 + (7 - 7) - 1?
-2
What is the value of -30 + 29 + (-7 - -2)?
-6
-2 + -4 + 4 + -1
-3
Calculate -5 + 25 + -14 - (0 - -1).
5
2 + -10 + 4 - -9
5
-6 - (-6 - (-4 + 2 - 4))
-6
What is 11 + -10 + 11 + -14?
-2
Evaluate 1 - (1 + -3 + 1 + 6).
-4
What is -3 + -2 + 3 + (-1 - -2)?
-1
What is the value of ((1 - 2) + 1 - 5) + 1?
-4
-2 - (1 - (-2 + 3))
-2
2 + 2 + -1 - (18 + -14)
-1
Calculate 6 + (0 - (7 + -4)).
3
What is 6 - (9 + -8 + 6)?
-1
What is -15 + 8 + 3 + 4 + 3?
3
Evaluate -1 + 2 - (4 + 11 - 9).
-5
Calculate 3 + -4 + -2 - -8 - 4.
1
What is the value of -4 + 4 + -1 + 5?
4
-4 - (-2 - (3 - 4 - -3))
0
(4 - 2) + 3 + -6 + 4
3
(2 + 1 - 2) + (0 - 4)
-3
What is the value of -3 - ((-4 + 6 - -3) + -6)?
-2
Calculate -3 - (-4 + 0 - -8 - 8).
1
What is the value of -3 + 1 - ((-6 - -3) + -4)?
5
What is -1 + -2 - (11 - 13)?
-1
What is the value of 33 - 21 - (-1 + 14)?
-1
What is the value of -10 - (4 + -11 + 2)?
-5
Evaluate (5 - (2 - -3)) + -5.
-5
What is (1 + 1 - (-4 - -2)) + -5?
-1
What is -3 - (7 - (-5 + 14))?
-1
-3 + -1 + (14 - 11)
-1
Calculate -1 + -3 + (-114 - -116).
-2
Calculate -2 + -1 - (-33 - -30).
0
What is the value of -6 + 0 + (-12 - -16)?
-2
1 + 5 + (-4 - 5) + -2
-5
Evaluate 4 + -6 + -3 + 5.
0
Evaluate (-1 - -4) + 4 + -2 + -8.
-3
What is the value of 7 - (7 - (-3 + -4)) - -10?
3
What is 7 + -14 + (6 - (3 + 1))?
-5
Evaluate 3 + (0 - 0) + 6 + -10.
-1
3 + (-3 - (1 - 0))
-1
Calculate (-2 + 0 - 0 - 5) + -2.
-9
Calculate 0 + (-3 - (3 + (-3 - 0))).
-3
What is the value of 3 + -4 + -3 + -3 - -2?
-5
What is the value of 1 + -4 - (-3 + 3 + -2)?
-1
Calculate (0 - 3) + -1 + 0.
-4
Calculate 1 + (-4 - (-5 - (-6 + 8))).
4
What is the value of (0 + -1 + 3 - -2) + -7?
-3
What is -2 - ((-3 - (3 + -6)) + -5)?
3
What is 3 + 1 + (-2 - -2) - 0?
4
Calculate 3 + 1 + (3 - 2).
5
9 + -7 + (-1 - -5) + 3
9
Calculate 3 + -10 + 4 + 1 + -2.
-4
What is the value of 3 - 12 - -3 - -7?
1
-2 + (-7 - -5) - (1 + -2)
-3
What is the value of 3 - (-5 - (0 + -6)) - 0?
2
Evaluate (3 + -5 + 2 - -2) + -5.
-3
8 - (2 + -9 - -13)
2
What is the value of (5 - 10) + 1 + 0 - 2?
-6
Evaluate -3 + (3 + 1 - (6 - 4)).
-1
What is -2 - -3 - 10 - -17?
8
-1 + -10 - (12 - 18)
-5
What is -8 + (3 - (-3 - -1))?
-3
Evaluate 5 - (2 + 4 - (7 - 7)).
-1
What is the value of (-5 - (7 - (-3 - -14))) + 0?
-1
Calculate 1 + -2 - 3 - (57 + -67).
6
11 + -4 - 2 - 2
3
Calculate 5 - (6 + -3 + 0) - 2.
0
What is the value of 0 - (2 - 4) - (-4 - -7)?
-1
What is 0 - (3 - (-7 - -9))?
-1
Evaluate 0 + -7 + 14 + -3.
4
Evaluate -19 - -13 - (-14 + 0).
8
Calculate 3 - ((1 - 3) + 7).
-2
What is the value of 1 - -2 - (8 + -5 + -1)?
1
Evaluate 5 + (-10 - 0) + 7.
2
Evaluate (10 - (0 - -3)) + -2 + -1.
4
What is 7 - (-7 - -2 - (-28 - -16))?
0
What is -12 + 24 + -16 - -9?
5
Evaluate (-5 - -3) + 5 - (-4 + 8).
-1
Calculate -3 + 3 - (25 + -18) - -14.
7
What is the value of 0 + 2 - (0 + 0)?
2
Evaluate 5 + -11 + 5 + (-3 - 0).
-4
Evaluate 4 + 0 + 0 + (-4 - -1).
1
Evaluate -2 - -5 - (-22 - -22).
3
-3 + -11 + 11 - (1 + -2)
-2
Evaluate 1 - (-5 + 19 + -9 + 6).
-10
What is the value of -1 - (0 + 0 + -2 + -2)?
3
-4 - (-2 - (-1 + 3))
0
43 + -47 + (-4 - -1)
-7
-5 + 10 + 9 - 6
8
What is the value of 0 + 0 - -4 - (4 - -2)?
-2
What is the value of (-38 - -45) + -1 + -4?
2
What is 5 + (-6 - -3) + 4 - 0?
6
Evaluate 2 - ((0 - 3) + 2).
3
Calculate (5 - -1 - (5 + 8)) + 15.
8
0 + -1 + (-5 - -2) + -1
-5
What is the value of -2 - (9 + -3) - -7?
-1
What is the value of -2 - 1 - (-1 - (3 - 0))?
1
What is the value of -4 - (-1 - (11 + -5 - 1))?
2
Evaluate -1 + -4 + 1 - -9.
5
Evaluate (-5 + 6 - 6) + 3 + 6.
4
What is the value of (11 - -1) + (-98 - -87)?
1
Calculate 1 + 4 + -6 + 4.
3
What is the value of (-19 - (-13 + 8)) + 7?
-7
Calculate -5 - (-2 - 3 - (-12 + 14)).
2
What is the value of -8 + 2 + 10 + -6?
-2
Calculate -2 - (-8 - (-6 - -12 - 13)).
-1
Calculate 7 + (4 - (6 + (-4 - -7))).
2
(14 - (4 - -18)) + (18 - 0)
10
What is the value of 5 - (7 - 9 - -9)?
-2
What is 3 - (9 + -7 - (-3 + 0))?
-2
(4 - 2) + -9 + (-2 - -4)
-5
(-8 - -10) + -7 + 0 + 3
-2
What is (-1 - -5) + (1 - 0)?
5
-3 - (1 - -1) - 0 - -1
-4
What is the value of (-2 - -3 - 5) + 9 + -1?
4
Calculate (6 - 2) + -8 + 8.
4
What is -11 + 21 + -7 + -1?
2
What is (1 - (-4 + (-5 - -9))) + -4?
-3
What is 1 - (0 + 2 + -3 + 3)?
-1
(-3 - (-2 - -6)) + 6 + -4
-5
(2 - 3) + (1 - 3) - 0
-3
0 - (-8 - (-5 - -2))
5
Calculate -7 - -1 - (-8 + -1).
3
Evaluate (-8 - -9) + (-2 - 1).
-2
2 + (-1 - -2) + -15 + 9
-3
What is the value of -4 + -5 + 12 + 0?
3
What is -1 + -2 + (7 - (5 - 5))?
4
(-1 - (0 - -2 - 9)) + -8
-2
Calculate 2 - (-2 - -6) - (35 + -36).
-1
(-2 - -19 - (24 -